-13033303122 (base 4) to base 6
-104415030
What is 306233 (base 9) in base 5?
21303323
What is 220100000212 (base 3) in base 4?
1310330000
Convert 5abea1 (base 15) to base 5.
2102443201
What is 113330000 (base 6) in base 15?
2c0226
Convert -10123402 (base 5) to base 7.
-463626
211222010212 (base 3) to base 5
103431314
What is -72691 (base 13) in base 10?
-205453
Convert 106462 (base 9) to base 12.
30b0b
31001012 (base 4) to base 2
1101000001000110
-445630 (base 7) to base 15
-18577
What is 34146702 (base 8) in base 15?
9b0671
What is -1550564 (base 7) in base 5?
-23321410
What is -1203301003 (base 4) in base 13?
-114001
-38a40 (base 15) to base 9
-305476
What is -2535152 (base 6) in base 3?
-20222020112
1b1e45 (base 15) to base 8
5027530
What is -2985394 (base 10) in base 14?
-579d86
-21200000022 (base 3) to base 7
-1165655
What is -2c925a (base 15) in base 11?
-1243785
13130121001 (base 4) to base 8
7343101
Convert 5551081 (base 9) to base 11.
175a518
Convert 220101020021 (base 3) to base 8.
1651153
What is -4043208 (base 9) in base 6?
-114101525
111001010101111 (base 2) to base 3
1111021101
What is 3f8cf2 (base 16) in base 11?
2395128
Convert 25003112 (base 7) to base 16.
222002
What is -10120233 (base 4) in base 5?
-1033332
-1991579 (base 13) to base 11
-4837618
-1604110 (base 7) to base 10
-219919
-1253543414 (base 6) to base 16
-e53582
Convert -4e839 (base 16) to base 9.
-540125
What is -d7b7b9 (base 14) in base 3?
-111201111012210
What is -12987 (base 12) in base 14?
-947d
What is 5638054 (base 9) in base 16?
2e5787
What is -2213 (base 5) in base 6?
-1232
What is 442a8 (base 11) in base 6?
1213240
-378 (base 11) to base 16
-1c0
What is -d558 (base 15) in base 4?
-23000123
Convert -1101111100000000100 (base 2) to base 9.
-765433
What is -6323043 (base 8) in base 11?
-a489aa
Convert 59491 (base 13) to base 5.
20211442
Convert -21606 (base 11) to base 6.
-401041
What is 70699 (base 10) in base 13?
26245
Convert 1435899 (base 13) to base 3.
110001200001010
Convert -100011111101010111 (base 2) to base 11.
-a0728
What is 11544304 (base 8) in base 4?
21230203010
What is 763338 (base 10) in base 13?
2095a4
What is 222001412 (base 5) in base 3?
1211020012020
19767 (base 15) to base 11
57127
Convert -12401042 (base 5) to base 7.
-1015515
Convert -125351 (base 7) to base 10.
-23507
Convert -13399c (base 14) to base 2.
-10100001111010100110
9dc1 (base 16) to base 4
21313001
-7417551 (base 8) to base 10
-1974121
What is 10110000011110100 (base 2) in base 3?
11120221112
-1548726 (base 12) to base 2
-10000100000101000001110
Convert bf13 (base 16) to base 4.
23330103
-3286272 (base 9) to base 12
-714032
What is 143a471 (base 11) in base 2?
1001011011111001011000
1631281 (base 9) to base 4
3131102032
Convert -44032 (base 11) to base 6.
-1211535
Convert 2c9874 (base 14) to base 16.
17d97e
What is -226037 (base 11) in base 2?
-1010111101111110010
What is -21240426 (base 7) in base 2?
-110111001011100101001
What is -121d17 (base 16) in base 10?
-1187095
-202120112211 (base 3) to base 7
-3304513
Convert -54a5 (base 11) to base 16.
-1c56
Convert 665654 (base 7) to base 15.
24b4b
Convert 2311546 (base 8) to base 6.
21241210
What is 2034143040 (base 5) in base 12?
14aba21
What is -153987a (base 12) in base 10?
-4309150
What is 11113033301 (base 4) in base 9?
2572522
Convert 436345 (base 10) to base 9.
734487
Convert 8c87d (base 14) to base 16.
537af
What is -577336 (base 12) in base 2?
-101010110010000011010
a1a168 (base 14) to base 12
19a6828
Convert -1110101111000001111 (base 2) to base 15.
-980db
Convert -378 (base 11) to base 16.
-1c0
-10001222000 (base 3) to base 6
-1144000
What is 131203433 (base 5) in base 8?
2360310
1123202120 (base 4) to base 13
101873
Convert 382d3c (base 16) to base 2.
1110000010110100111100
-15412123 (base 6) to base 5
-114433344
Convert -202310112 (base 4) to base 10.
-142614
Convert 30233321300 (base 4) to base 6.
155343532
Convert 22010001220 (base 3) to base 13.
578ca
-20101110122 (base 3) to base 11
-8650a
-b31a42 (base 12) to base 9
-5241365
What is 15264229 (base 10) in base 8?
72164745
What is 18b0ae (base 15) in base 4?
10211120000
-103300012111 (base 4) to base 11
-2a17135
Convert -13032a (base 13) to base 16.
-6fb2f
What is -31b15 (base 12) in base 4?
-100000001
Convert -2211202122221 (base 3) to base 10.
-1510972
Convert -20021121100 (base 3) to base 15.
-2697c
-1065600 (base 8) to base 4
-1012232000
Convert 5814d3 (base 14) to base 4.
23130131201
What is 184e99 (base 15) in base 11?
737480
What is -3dc42 (base 14) in base 15?
-30670
Convert -112110210122 (base 3) to base 7.
-2264411
What is 3043220 (base 5) in base 2?
1100001010010010
What is 5a8795 (base 11) in base 10?
963264
Convert -110111011100011100 (base 2) to base 9.
-375463
69778c (base 15) to base 4
103031302113
What is 101012011102220 (base 3) in base 11?
306a193
What is -2055522 (base 6) in base 2?
-11000101011001010
Convert 156194 (base 13) to base 7.
4325051
Convert 471634 (base 9) to base 4.
1011023221
Convert -42121250 (base 6) to base 3.
-2022011122210
Convert 66112 (base 13) to base 14.
4b472
2a1846 (base 12) to base 5
140123313
Convert 66035121 (base 7) to base 3.
101122100202110
What is 444351045 (base 6) in base 5?
4030224020
Convert 6197170 (base 10) to base 8.
27507662
Convert -6eb33 (base 16) to base 10.
-453427
What is -32432013 (base 7) in base 5?
-1202443204
What is -484325 (base 10) in base 13?
-13c5aa
What is 114316006 (base 7) in base 15?
957c01
84296 (base 12) to base 11
109147
What is -12497 (base 13) in base 8?
-101733
What is -13322331032 (base 4) in base 9?
-3814365
-552423 (base 8) to base 4
-231110103
100010110000000110 (base 2) to base 6
3014554
What is 144123113 (base 5) in base 7?
6356042
-111b49 (base 12) to base 6
-5503333
What is 127869b (base 13) in base 15?
794e95
Convert 222201221221 (base 3) to base 2.
10000000011111100101
Convert 2021320300 (base 4) to base 3.
1001200201221
Convert -4345412 (base 9) to base 4.
-20321213033
What is -20002212101 (base 3) in base 9?
-202771
-313310232 (base 4) to base 5
-24304104
What is -3014110320 (base 5) in base 6?
-332403311
-2222202100 (base 4) to base 10
-698512
Convert -65354 (base 11) to base 5.
-11014143
-300131211 (base 5) to base 10
-1177056
What is -6a4047 (base 13) in base 7?
-30303253
-a742d (base 14) to base 10
-404193
What is -69837b (base 12) in base 7?
-20253452
What is -11314042 (base 5) in base 6?
-2122424
Convert 1120022202220 (base 3) to base 9.
1508686
Convert -18706378 (base 9) to base 14.
-1380b28
Convert 313133230123 (base 4) to base 10.
14547739
What is -144c606 (base 13) in base 15?
-8772a9
Convert -1072464 (base 8) to base 9.
-484668
a27a8 (base 12) to base 2
110011101111110000
Convert -da824 (base 16) to base 4.
-3122200210
Convert -1346516 (base 10) to base 9.
-2472058
What is -1404441052 (base 6) in base 9?
-35020105
What is 110101101101011 (base 2) in base 9?
41644
1121100212110 (base 3) to base 6
30143403
-227027 (base 8) to base 10
-77335
Convert -5a19b (base 13) to base 6.
-3312120
What is -278622 (base 10) in base 7?
-2240211
Convert 1637a7 (base 16) to base 10.
1456039
Convert 185987 (base 12) to base 13.
11b44a
Convert -24537204 (base 8) to base 13.
-117b318
2410665 (base 7) to base 5
34232033
What is -150081 (base 10) in base 11?
-a2838
Convert -32032216 (base 7) to base 11.
-1594017
42085 (base 9) to base 5
1342104
Convert -276314 (base 10) to base 9.
-461025
-78733 (base 12) to base 7
-1234353
What is 21e86 (base 15) in base 12?
52539
Convert 13d242 (base 16) to base 9.
2388814
Convert -21020010131 (base 4) to base 13.
-659bbb
54660010 (base 7) to base 15
62d9b1
Convert 34376 (base 16) to base 14.
57d30
Convert -47375 (base 10) to base 8.
-134417
Convert 34314401 (base 6) to base 7.
11641150
-164237 (base 11) to base 9
-427101
Convert -189941 (base 11) to base 6.
-10124324
12716 (base 12) to base 14
9294
What is 58914 (base 16) in base 2?
1011000100100010100
What is 10573676 (base 8) in base 12?
926226
Convert 100010100011110101010 (base 2) to base 4.
10110132222
11321034120 (base 5) to base 14
1a4139c
What is -20112011101 (base 3) in base 6?
-2430314
What is 11000121020 (base 3) in base 9?
130536
Convert 410742 (base 9) to base 13.
86a02
What i